26. Suppose -n*s + 193 = -s. Let r = -38 + s. Is r a composite number?
True
Let x(o) = 2*o**3 - o**2 - 26*o + 35. Let a be x(8). Suppose a = 6*j - 491. Is j composite?
True
Let q(y) = 38*y**3 - 17*y**2 - 18*y + 95. Is q(8) a prime number?
False
Let x = 29 - 5. Let g be 2/(-4) - x/16. Let w(o) = -39*o**3 + o**2 - 3*o - 3. Is w(g) prime?
False
Let q(a) = -14*a**3 + 17*a**2 - 9*a - 19. Let i be q(-9). Suppose 3*r - i = 328. Is r a prime number?
False
Let j(q) = -180*q - 176. Let d(v) = -45*v - 44. Let h(p) = -9*d(p) + 2*j(p). Suppose 5*g - 4*g - r - 18 = 0, 66 = 5*g + 3*r. Is h(g) a composite number?
False
Let l(q) = 84*q**2 + 57*q - 73. Let o be l(27). Suppose 0 = 19*c - 36231 - o. Is c a composite number?
True
Suppose 29*z + 2864566 = 29346699. Is z a composite number?
False
Let a be ((10348/8)/13)/(1/2). Is (-8*a/(-2))/(4/2) prime?
False
Let g = 59 - 52. Suppose -36 = f - g*f. Suppose f*d + 2*d - 6296 = 0. Is d a composite number?
False
Suppose -5*i + 29 = j, -5*i = -3*i + j - 14. Let f = -1764 - -1768. Suppose f*n - u = -0*n + 4664, -i*u = n - 1145. Is n prime?
False
Let d(q) = q**2 + 120*q + 2083. Let y be d(-21). Let a be (-5660)/(-12) + 4/(-6). Suppose 0 = y*g + 11 - a. Is g composite?
True
Is (-228465)/12*(-28)/21 prime?
False
Let y = 259 - 255. Suppose 5*k - 31539 - 210 = y*i, 12703 = 2*k - 5*i. Is k prime?
False
Let s(m) = -33*m**3 + 3*m**2 - 5*m - 10. Let n(q) = -99*q**3 + 9*q**2 - 14*q - 29. Let a(u) = -3*n(u) + 8*s(u). Is a(3) a composite number?
False
Let o be (-2 + 2)/(6 - 5). Let h(x) = -x**2 + 4*x + 5299. Is h(o) a composite number?
True
Let x = -489 + 2692. Is x a composite number?
False
Let q be (-270)/(-35) + -2 - (-2)/7. Suppose 5*z - q*z = -2132. Suppose r + 3*r - z = 0. Is r prime?
False
Let c(y) = 501*y - 962. Is c(61) a composite number?
False
Suppose -7*n + 1286711 = -46768. Is n a composite number?
True
Let h(l) be the third derivative of 1/8*l**4 + 2/3*l**3 - 89/60*l**6 + 0*l**5 + 0*l + 0 - 18*l**2. Is h(-1) prime?
True
Suppose 5*p + 7 = 3*y - 17, 9 = -2*y - 5*p. Is (-2)/y - 1846/(-6) composite?
False
Let a(b) = 3*b + 35. Let h be a(-10). Suppose -3*y + 4740 = -5*f, -h*y - 6*f + 4*f = -7900. Suppose w - y - 129 = 0. Is w a prime number?
True
Let r = -46 + -7. Let q = r + 58. Suppose -6*v + 2*v + z + 1006 = 0, 1261 = q*v - 3*z. Is v a prime number?
True
Let d = -62662 + 138623. Is d a prime number?
False
Let z(o) = 303443*o - 713. Is z(2) a prime number?
True
Let a be (-3 + 31)*(-7)/28. Let l(w) = -18*w**2 - 3*w - 9. Let g(s) = -9*s**2 - s - 5. Let o(h) = -13*g(h) + 6*l(h). Is o(a) a prime number?
True
Suppose 0 = 71*y - 69*y - 24. Is ((-41252)/16)/(y/(-48)) a prime number?
True
Let s be (-1)/(1*4/276). Let v = 47 - s. Let n = 3 + v. Is n prime?
False
Let a(z) = 139*z**3 + z**2 - 48*z - 17. Is a(9) composite?
True
Is 89952/18 + -2*5/30 a prime number?
False
Let y(d) = -29*d**3 + 3*d**2 - 10*d - 1. Suppose -7 = 3*w + 5. Let u be y(w). Let l = u + -1125. Is l composite?
True
Suppose 10 = 7*k - 25. Is k*1*(10266/30 - -6) a composite number?
False
Let f = 82462 - 57219. Is f a composite number?
False
Let b(r) = -35*r - 13 + 3*r**3 - 5*r**3 - r**2 + 7*r**3 - 6*r**3. Is b(-20) composite?
False
Let m = -68 - -68. Suppose m = -2*u - 23236 - 10002. Let y = -7824 - u. Is y a prime number?
False
Let g(b) = -3805*b + 973. Is g(-6) composite?
True
Let u be (-6)/9 - (7 + 92/(-12)). Suppose -6*o + 22*o - 349712 = u. Is o prime?
False
Suppose 3*s - 2*j = 2542, 4556 - 1166 = 4*s - 3*j. Let m = -44 + s. Is m composite?
True
Is (1240864/96)/(2/6) prime?
False
Let h(p) = 1602*p**2 + 16*p - 45. Let d be h(-9). Suppose 12*k + 17313 = d. Is k prime?
False
Let v(z) = -z**3 - 9*z**2 - 9*z + 37. Let n be v(-7). Suppose -n*f + 641 + 11645 = 0. Is f a composite number?
False
Let c be 4/(-8) - 17/2. Let y(x) = -x**2 - 27*x + 19. Let z be y(c). Let w = z + 812. Is w prime?
False
Suppose 77*b - 74*b - 585760 = -h, 4*b - 4*h = 780976. Is b a composite number?
True
Suppose 4*o - 9370 = 2*h - 5*h, -5*o - 9361 = -3*h. Suppose h = 3*c + 5*v, 4*v = 5*c - 1393 - 3872. Is c composite?
False
Let w(x) = -444*x**2 - 5*x + 2. Let f be w(4). Let m = -3329 - f. Is m a prime number?
True
Is (-14)/((-1120)/2096)*(27349 + 6) a composite number?
True
Let s be 939/((-17)/17*(-6)/4). Suppose -2*r + 2712 - s = 0. Is r a prime number?
False
Let d be 1136/4 - (1 - 6/3). Let k = -45 + d. Suppose -k = -y - 63. Is y a prime number?
False
Let d = 55 + -58. Let t(f) = -673*f - 1. Let o be t(d). Suppose -h - h + o = 0. Is h a composite number?
False
Let z = 4781 - 2741. Suppose w = -4*w + z. Suppose w = -3*k + 11*k. Is k prime?
False
Let q(k) = 98*k**2 - k + 51. Suppose 3*f - 22 = d + 4, -5*d - 60 = -5*f. Is q(f) a prime number?
False
Let u = 35 + -32. Suppose 13*p = u*p + 19610. Is p a composite number?
True
Let w(y) = 9404*y**2 - 43*y + 100. Is w(-7) a composite number?
True
Let p(s) = 13144*s**2 + 52*s + 233. Is p(-4) a prime number?
False
Let w(n) = 18*n**2 + 9*n - 18. Let t be w(8). Let r = 683 + t. Is r a prime number?
True
Let v = 872437 - 299336. Is v a prime number?
True
Let t(g) = -10*g**3 + 8*g**2 - 21*g + 7. Let s be t(3). Is (-2)/(((-2)/s)/(247/(-38))) composite?
True
Let m = 112 + -73. Suppose -m*x = -53*x + 10318. Is x composite?
True
Suppose 980 = 27*l - 17*l. Suppose 94*r + 27044 = l*r. Is r a prime number?
True
Suppose -2*m + 346350 = g, -4*m + 239924 = -3*g - 452796. Is m composite?
False
Let t(z) = -z**3 + 7*z**2 + 76*z + 129. Is t(-11) a composite number?
False
Let v(x) = x**3 - 3*x**2 + 18*x + 12. Let u(d) = 2*d**3 - 6*d**2 + 36*d + 23. Let z(f) = -3*u(f) + 5*v(f). Is z(-11) a composite number?
True
Let i(p) = -26*p**3 + 8*p**2 - 10*p - 13. Let y(o) = o**2 - o - 2. Let s(t) = -i(t) + 6*y(t). Let v = -8 + 10. Is s(v) a prime number?
False
Let y = 240 - 237. Is 108815/15*y - 0 a prime number?
False
Let j = -179 - -30812. Is j composite?
True
Is 1259548/19 - (-1 - 0) composite?
False
Let n(g) = 19177*g**2 + 169*g - 1. Is n(4) a prime number?
False
Suppose 24*g = 66188 + 207244. Is g a composite number?
False
Let q = -17990 - -71179. Is q a prime number?
True
Suppose 2*g - h - 20020 = 0, -5*g + h - 8193 = -58234. Is g prime?
True
Suppose -4*r + 2 = q, -4*r - 1 = -2*q - 9. Let d be 45/15*(r + 8/2). Suppose -d*j = -8690 - 14785. Is j composite?
True
Let q be (-2 - -4)*54/27. Suppose t = -g + 16014, -7*t + 3*t + q*g + 64016 = 0. Is t a prime number?
False
Let m(h) = -h**2 + 32*h - 27. Let w be m(31). Suppose -3*n - 2*z = -357, 5*n + 9*z - w*z = 590. Let f = n + 12. Is f prime?
False
Let x = 26684 + -18154. Suppose 15 = -5*w, 5*h + 2*w - 5069 - x = 0. Is h composite?
True
Let o be 155/(-124) - (-4874)/8. Let a = o - 219. Is a prime?
True
Let c = 318 - 319. Let u = 5334 - 989. Is 3 - (c/(-7) - u/35) composite?
False
Let c = 667920 + -345643. Is c a composite number?
True
Let p = -100 + 104. Suppose 4*f - 548 = -p*m, -f = -4*m + 271 + 297. Is m prime?
False
Suppose 3*x = b + 855425, -4*x + 4*b - b + 1140560 = 0. Is x prime?
False
Let b(i) = 514*i**2 + 7*i + 4. Let u be b(-7). Suppose 535 = -18*a + u. Is a composite?
False
Suppose u = -2*j - 63, 5 + 10 = -3*j. Let a = u - -62. Suppose -a*z = -5*z - 1816. Is z a composite number?
True
Let u(t) = -175*t - 55. Let o be u(-4). Suppose -g + 1052 = -6*p + 11*p, 3*p - 4*g = o. Is p composite?
False
Suppose 0 = 12*y - 83713 + 29005. Let a = y - -4380. Is a composite?
True
Suppose -588077 = -147*x + 140*x. Is x composite?
False
Suppose 351*l - 287412780 = -269*l. Is l prime?
False
Let o(d) = -d**3 - 10*d**2 - 22*d + 14. Let v be o(-6). Suppose 0 = -5*u - v*m + 13767 + 5198, 3*u - 11379 = -2*m. Is u a composite number?
False
Suppose -24*f = 12*f - 4284. Suppose 0*v = -3*v + 3*x - 219, -4*v = 3*x + 306. Let l = f - v. Is l composite?
True
Let c(n) = n**3 - 4*n**2 - 16*n + 10. Let s be c(13). Let w = s + -2075. Is w/(-3) - (-11)/33 prime?
True
Let p = 100137 + 234180. Is p composite?
True
Let a(o) = -181*o**2 + 3*o + 1. Let k(s) = s**2. Let t be (-9)/(-6)*(-4)/(-3). Let d(c) = t*k(c) - a(c). Is d(-2) a prime number?
False
Suppose 14 = -j - 3*y, 3*j + y + 5 = 3. Let a be (-19688)/(-5) + (j - 6/10). Let w = a - 1509. Is w a prime number?
False
Let a = 614 + -610. Suppose -83785 = -5*t - 2*o, -6*t + a*t = -5*o - 33543. Is t a p